 2*g - 1 = -i*b + 43, -b - 3*g + 1 = 0. Calculate the remainder when 37 is divided by b.
7
Suppose 11*b = 17*b - 138. What is the remainder when 34 is divided by b?
11
Suppose -5*c = 2*b - 518, 8*b - 7*b - 256 = -c. Calculate the remainder when b is divided by 5.
4
Suppose -g + 6 + 0 = 0. Let q = -52 + 73. Let s = q - 12. Calculate the remainder when s is divided by g.
3
Calculate the remainder when 248 is divided by (-2)/5 + (-11)/(275/(-910)).
32
Let y be 14/(-35) + 22/5. Suppose 6*i - 60 = y*i. What is the remainder when i is divided by 16?
14
Suppose b + 3 = -2. Let w = 42 + b. What is the remainder when w is divided by 19?
18
What is the remainder when 429 is divided by ((-100)/300)/(2/(-84))?
9
Suppose 20*m - 28 = 19*m. Calculate the remainder when 65 is divided by m.
9
Let x(w) = -w**3 - 11*w**2 - 6*w - 27. Calculate the remainder when x(-11) is divided by 24.
15
Let b(q) = q**2 + 10*q - 5. Let x(o) = 1. Let t(d) = -b(d) - 6*x(d). What is the remainder when 46 is divided by t(-5)?
22
Suppose t + r = -r + 10, 5*r = 4*t + 25. Suppose t = -3*j + k + 5, 2 + 2 = 3*j - 2*k. Calculate the remainder when 2 is divided by j.
0
Let f(v) = 5*v**2 - 14*v - 34. Calculate the remainder when 137 is divided by f(-2).
11
Let q(c) = 4*c - 10. Suppose 5*d = d + 124. Let k = d + -16. What is the remainder when k is divided by q(4)?
3
Let u be (10 - (-470)/(-50)) + (-834)/(-10). Let k(z) = -32*z - 1. Let q be k(-5). Let a = q - u. Calculate the remainder when a is divided by 13.
10
Let j = 57 + 14. Calculate the remainder when j is divided by 6.
5
Suppose m = 5*z - 228 - 391, -z + 3*m = -121. Calculate the remainder when z is divided by 65.
59
Let i = 688 - 679. What is the remainder when 62 is divided by i?
8
Suppose -2*j - 98 = -7*j + 2*k, -2*j = 2*k - 42. Let o(w) = 3*w**2 - 123*w + 354. What is the remainder when j is divided by o(3)?
8
Let i = 28 + -17. Suppose -5 = -8*m + 3*m. Suppose m = -d + 2*y + 42, 2*d - 3*y - 82 = 0. What is the remainder when d is divided by i?
8
Let x be (-116)/(-28) + (-2)/14. Suppose p - 13 = -y, 5*p = y - 44 + 1. Suppose x*q - q - y = 0. What is the remainder when 17 is divided by q?
5
Suppose -3*k + 46 = 13. Let d = k + -4. Suppose 15 + d = 2*u. Calculate the remainder when 21 is divided by u.
10
Suppose 5*h - 130 = f, 5*h - 2*f - 141 + 11 = 0. Let z(u) = -u**2 - 56*u - 243. What is the remainder when z(-7) is divided by h?
22
Let w(o) = -o**2 - 8*o + 1. Let r be w(-8). Let h be -30*(-4)/6*r. Let m = h + -10. What is the remainder when 59 is divided by m?
9
Suppose -403 = -3*p + 305. What is the remainder when p is divided by 7?
5
Suppose 0*r + 4*r = 108. Let t = r - -41. Suppose -4*w = -0*w - t. Calculate the remainder when 31 is divided by w.
14
Let v(b) = 11*b - 307. What is the remainder when 34 is divided by v(29)?
10
What is the remainder when 384 is divided by ((-2)/10)/((-19)/4085)?
40
Let v = 71 + -48. Let r = 27 - 43. Calculate the remainder when v is divided by (-72)/18 + r/(-1).
11
Suppose 0 = 2*u - 12*u + 20. Suppose 4*y = -2*i + 52, 4*y - u*y = 2*i + 32. Calculate the remainder when 52 is divided by y.
10
Let j be (12*-1 - -3)*2/(-3). Suppose -4*a + j*a - 8 = 0. What is the remainder when a is divided by 3?
1
Let z = 18 - 37. Let w be 3*(-1)/((-3)/z). Let u = 33 + w. Calculate the remainder when u is divided by 3.
2
Let t = -3946 + 3955. Let d be (0 - -5)*(-2 + 3). Suppose -d*p = -3*u + 29 - 103, 4*u - 88 = -5*p. What is the remainder when p is divided by t?
7
Let z be 16 - 0/(1 + 1). Suppose -2*l + z = -62. Suppose -4*n + 30 = -2. Calculate the remainder when l is divided by n.
7
Let k be 7 + -8 - (1 + -5). Suppose -4*a + 20 = 2*w + w, -k*a - 60 = -4*w. Calculate the remainder when 57 is divided by w.
9
Suppose -5 - 1 = -2*j. Suppose 3*d = 4*w + w - 59, 0 = w - j*d - 19. What is the remainder when 58 is divided by w?
8
Calculate the remainder when (-2)/3*-15 + 399 is divided by 151.
107
Suppose -117*x + 40*x = -1386 - 3465. Let c(s) = -s - 1. Let w be c(-6). Suppose y = w*y - 64. What is the remainder when x is divided by y?
15
Let s(z) = 2*z**2 + 15*z - 32. Calculate the remainder when 312 is divided by s(-11).
42
Suppose -3*q + 59 = -4*s, -q + 3*s = 2*q - 57. Let k(y) = y**2 + 12*y - 12. Suppose 5*r + 94 = 19. What is the remainder when k(r) is divided by q?
16
Let f = 21 - 33. Suppose 6*g - 1 = g - 3*h, -4*g + 2*h = -14. Calculate the remainder when g is divided by (-4)/(-6) - f/9.
0
Calculate the remainder when 70 is divided by 93/2 - (0 - (-2)/4).
24
Let v be 48/30*((-25)/(-2))/5. Suppose 1 = -w - 2*o, -w = v*w - 2*o - 19. Calculate the remainder when 9 is divided by w.
0
Suppose -3*x + 7*r - 4*r + 519 = 0, -20 = -4*r. What is the remainder when x is divided by 71?
36
Let z(u) = -u**3 + 22*u**2 - 21*u + 14. What is the remainder when 51 + -8 - 1*4 is divided by z(21)?
11
Suppose -192 = -6*k - 0*k. Calculate the remainder when k is divided by 159/12 + (-4)/16.
6
Let x(y) = y + 2. Let n(h) = -h - 1. Let j be n(-4). What is the remainder when 33 is divided by x(j)?
3
Suppose -8*g - 320 = -368. What is the remainder when 14 is divided by g?
2
Let v(b) = 3*b + 43. Suppose c + 4*c = 20. What is the remainder when v(-4) is divided by c?
3
Let r = 5 + -27. Let h = r - -37. Calculate the remainder when 29 is divided by h.
14
Suppose 0 = -r - 4*r + 2*o + 772, -4*r + 5*o = -604. Calculate the remainder when r is divided by 40.
36
Calculate the remainder when 12 is divided by (30/9 - 4)*(-33)/2.
1
Suppose 48 = 2*i + 2*i. Calculate the remainder when 4/(5 + -3)*17 is divided by i.
10
What is the remainder when 1089/(-6)*4/(-6) is divided by 3?
1
Let a(v) = -v**3 - 5*v**2 - 6*v - 7. Let i be a(-3). Calculate the remainder when (-4)/i - (-156)/21 is divided by 1/(6 - 3)*18.
2
Let o(x) = -x**3 - 10*x**2 - 10*x + 3. Calculate the remainder when (-63)/14*14/(-3) is divided by o(-9).
9
Let t(q) = 3*q**2 + 81*q - 69. What is the remainder when 43 is divided by t(-28)?
13
Let c(i) = 19*i + 11. Let w be c(-3). Calculate the remainder when 1/(137/w + 6/2) is divided by 6.
4
Let l be 10/55 - 64/(-11). Suppose 2*k - 34 = l. What is the remainder when 98 is divided by k?
18
Let p(u) = u**2 + 27*u + 5. Calculate the remainder when 70 is divided by p(0).
0
Let a(s) be the second derivative of 11*s**3/6 + 35*s. Calculate the remainder when a(2) is divided by 5.
2
Suppose -5*b = -3*h - 1085, 418 = 2*b + 15*h - 13*h. Calculate the remainder when b is divided by 27.
25
Let k = 29 - 17. Let h(i) = -2*i**3 - 5*i**2 - 28*i - 74. What is the remainder when h(-3) is divided by k?
7
Let v be 35 - 0 - (-4 - -4). Suppose 5*w + 0*w = v. What is the remainder when 30 is divided by w?
2
Suppose 0 = -25*t - 24*t + 735. Calculate the remainder when 98 is divided by t.
8
Let w = -3 + 5. Suppose 4*m - 5*f + 15 = 9*m, 4*m - 10 = -5*f. Suppose -4*b = 4*a - 44, -m*a + 52 = -0*a + w*b. What is the remainder when a is divided by 6?
4
Let m(c) = -3*c**2 + 35*c - 19. Calculate the remainder when 183 is divided by m(10).
28
Suppose 31*w - 8 = 29*w. Calculate the remainder when 185 is divided by w.
1
Suppose 15 = -d + 2*d. Let v(w) = -8*w - 24. Let j(z) = -8*z - 25. Let y(x) = -3*j(x) + 4*v(x). Calculate the remainder when y(-10) is divided by d.
14
Let l = 388 + -337. What is the remainder when l is divided by 48?
3
Suppose 0 = -2*u + 8*u. Suppose u*k = 4*k - 1888. Suppose -2*i + 23 + 215 = -2*q, -4*i + 5*q = -k. Calculate the remainder when i is divided by 31.
30
Let p(a) = a**2 - 31*a + 227. Calculate the remainder when 46/(-4)*(-4 - -2) is divided by p(11).
2
Let c = -111 + 95. Let h = 27 + c. What is the remainder when 40 is divided by h?
7
Let r = -227 - -74. Let i = 339 + r. Calculate the remainder when i is divided by 21.
18
Suppose -34 = -4*q - 4*j + 18, -4*j + 34 = 3*q. Calculate the remainder when 448 is divided by q.
16
Let n(b) = 28*b**2 + 16*b - 12. Let q be n(8). Let m be (q/15)/(3/(-60)). What is the remainder when m/(-51) + 2/17 is divided by 13?
11
Let b be -2*9/(-6) + 24/4. Suppose 0 = -2*v + 4*i + 114, -4*v + b*v - 325 = 2*i. Calculate the remainder when v is divided by 35.
32
Suppose 4*u = 0, q - 35 = -2*u + 57. What is the remainder when q is divided by 32?
28
Let t(b) be the third derivative of b**6/60 - 13*b**5/60 + 3*b**4/8 - 2*b